est common factor of i and 70.
10
Suppose 5*m = 22 + 18. Suppose 5*o = m*o - 198. What is the highest common factor of 33 and o?
33
Let a = 7 + -3. Suppose -a*y = -35 + 3. Let q(b) = 11*b**2 + b - 2. Let h be q(-2). Calculate the highest common divisor of y and h.
8
Suppose 0 = -5*w + 5*u + 45, -12*w + 7*w - u + 45 = 0. Calculate the greatest common factor of w and 285.
3
Let t = -5286 + 9122. Let a = -11 + 19. Let y be 2/a - t/(-16). What is the greatest common divisor of 24 and y?
24
Suppose f - 4*a - 106 = 18, -a = -2*f + 248. Calculate the highest common factor of f and 217.
31
Let s be (-2)/(1*-2) + 3. Suppose 4*q - 363 = 445. Suppose 18 = 5*f - q. What is the highest common divisor of f and s?
4
Let x = 784 - 614. What is the highest common factor of x and 45?
5
Let s be (-1)/(-1 - (-28)/30). Let a(u) = 2*u**3 - 5*u**2 + 17*u. Let x be a(3). What is the greatest common factor of s and x?
15
Let p(l) = -70*l + 290. Let o be p(4). Suppose 2*t + 3*t = 10. Calculate the greatest common factor of t and o.
2
Let s be 3/12 + 355/4. Suppose 51 = 5*c - s. Suppose 2*l = l + c. Calculate the greatest common divisor of l and 4.
4
Let p(g) = 0*g + 4*g + 4 + 7*g**3 + 0*g - 8*g**3 + 11*g**2. Let w be p(6). Calculate the highest common divisor of 26 and w.
26
Let n = 16 - 10. Suppose -k - 2*o + 1 = -n*o, 0 = -3*k + 2*o + 3. Let z be (14/(-10) - (-74)/185)/(1/(-3)). What is the greatest common factor of z and k?
1
Let q be (3/(-9))/((-1)/24). Suppose -q = 2*c, -j + 3*c + 29 = 9. Suppose -i - j = -21. Calculate the highest common divisor of i and 13.
13
Suppose -390*f = -399*f + 4680. What is the greatest common divisor of 832 and f?
104
Suppose -41*s + 9600 = -11*s. What is the highest common divisor of 50 and s?
10
Let r = 596 - 590. Suppose -c - 3 + 18 = 0. Calculate the highest common divisor of r and c.
3
Let b be 39240/252 - 2/(-7). Calculate the greatest common divisor of 390 and b.
78
Let d be 0/(0 + 2) + 6. Suppose -4*h + 5*h - 50 = 0. Suppose -m + h - 20 = 0. What is the greatest common factor of m and d?
6
Suppose 0 = -683*y + 689*y - 264. Calculate the greatest common divisor of 1892 and y.
44
Let q = -95 - -102. Suppose -q*z = -686 - 294. Calculate the greatest common factor of z and 56.
28
Let m(w) = 340*w**3 + 5*w**2 - 4. Let g be m(1). What is the greatest common factor of g and 11?
11
Let l be 6 + (-7 - -5) + 12/2. Suppose 9*n - 210 = 4*n. Suppose z + z - 16 = -a, 2*a - n = z. Calculate the greatest common factor of l and a.
10
Let f(c) = -61*c + 1. Let k be f(-1). Suppose 31*t + 155 = 5*h + 35*t, 93 = 3*h + 3*t. What is the greatest common factor of h and k?
31
Suppose -22*c + 8967 = -9205. What is the highest common factor of c and 14?
14
Suppose o = 3*o + 4*x, 0 = -2*x + 6. Let r be (-4*(-15)/36)/((-1)/o). What is the highest common divisor of 35 and r?
5
Suppose -12 = 4*k - 7*k. Let n be 4/6*6/k. What is the highest common factor of 1 and n?
1
Let t = 23 + -26. Let j be ((-6)/8*-2)/(t/(-256)). What is the greatest common divisor of 32 and j?
32
Let v = -116 + 196. What is the highest common divisor of 32 and v?
16
Suppose 2*q + 5 = q. Let n be -2 - (0 + q)*1. Suppose -2*g = n*g - 140. Calculate the highest common divisor of g and 4.
4
Let n(d) = -7*d - 85. Let t be n(-20). Let q = 0 + 1. Let c = q + 10. Calculate the greatest common divisor of t and c.
11
Let p be 225/9*(1 + -5). Let r = p + 156. Suppose 6*v - 2*v - r = 0. What is the greatest common factor of v and 7?
7
Suppose -24 = -4*g + 312. Calculate the greatest common divisor of 364 and g.
28
Let h be (12/(-30))/(2/10). Let u be h*(51/(-6) - 2). Suppose 2*v = -2*v + 672. What is the greatest common factor of u and v?
21
Let m(h) = -14*h**2 - 7*h - 7. Let j be m(-1). Let l(r) = -r**3 - 16*r**2 - 36*r - 8. Let v be l(j). What is the greatest common divisor of v and 13?
13
Suppose 6*h - h = 60. Suppose h*b + 192 = 15*b. What is the highest common factor of 16 and b?
16
Let w = 136 + -128. What is the highest common factor of 76 and w?
4
Let m be 6/(-8) - 91/(-52). Let g be m/(-9) + 2255/45. Calculate the highest common factor of g and 10.
10
Let b = -2512 + 4431. Calculate the highest common divisor of b and 19.
19
Let w(n) = 9*n**2 + 2*n - 10. Let u be w(2). What is the greatest common factor of u and 110?
10
Let y be 1164/32 + (-3)/8. What is the greatest common factor of y and 4?
4
Suppose 60 = -54*n + 59*n. Calculate the highest common factor of n and 948.
12
Let x be (0 - 1)*-77 - 0/(-3). Let l = -54 + x. Let o(m) = 6*m**2 + 5*m + 7. Let z be o(6). Calculate the highest common factor of l and z.
23
Suppose 5*w - 2041 - 2097 = -2*u, 0 = 2*w - 8. What is the highest common factor of 29 and u?
29
Let h be 6/(15/(-460)*-2). Let c = h - 68. What is the greatest common factor of 18 and c?
6
Suppose 32488 = 35*r + 11663. What is the highest common divisor of r and 70?
35
Let x be 1 + (-2)/((-2)/21). Suppose -260 = -4*v - 3*w - 72, 0 = -5*v - 3*w + 232. What is the greatest common divisor of x and v?
22
Suppose -3*c + 5*m = -45, 5*c + 5*m - 101 + 26 = 0. Suppose -16*k = -c*k - 104. Calculate the highest common factor of k and 16.
8
Let r = 82 + -86. Let b be 19/(-76) + (-981)/r. What is the highest common factor of 35 and b?
35
Suppose 30 = -2*m + 7*m - 5*q, -2*q = -3*m + 13. Let g be (34/(-5))/((-105)/100 + m). Calculate the greatest common divisor of g and 17.
17
Let q = -22 - -26. Suppose -2*v + 26 = q*r, -v + 18 = 3*r - 3. Calculate the greatest common divisor of 72 and r.
8
Let z(x) = x**3 + 16*x**2 + 10*x - 17. Suppose -45*o - 52 = -41*o. Let n be z(o). What is the highest common factor of n and 40?
40
Suppose 5*w = 2*z - 70, -z = -2*z - 5*w + 65. Suppose 3*f = 8*f - z. What is the greatest common factor of f and 6?
3
Suppose -117 = -3*g + 30. Let u = g + 212. Calculate the highest common divisor of 29 and u.
29
Suppose -9*o - 20 = -92. Calculate the highest common divisor of 44 and o.
4
Suppose -4*u - 3*s + 5*s = -258, 255 = 4*u + s. What is the greatest common factor of u and 512?
64
Let b = -6 - -32. Let w(s) = 26*s**3 - s**2 + 2*s. Let q(d) = 5*d + 27. Let n be q(-5). Let z be w(n). What is the highest common factor of b and z?
26
Let t(c) = 3*c**2 + 2*c. Let x be t(-2). Suppose m - 4*l = x, -m - 3*m + 108 = 3*l. Calculate the highest common factor of m and 60.
12
Suppose 3*r - 19 = t, -4*r = -5*t - 3 - 4. Suppose -2*g + r = 2. Suppose -g*n + 398 = 158. Calculate the highest common factor of n and 16.
16
Suppose p - 4*b = -5, 3*p - 2*b - 30 = b. Let r = 88 + -13. Calculate the greatest common divisor of p and r.
15
Suppose 14*i - 3603 = 1633. Suppose 0*t = 3*t - 12. Suppose -2*f - i = -t*f. What is the greatest common divisor of f and 17?
17
Let s be (-278)/(-6) + (-178)/(-267). What is the greatest common factor of 611 and s?
47
Suppose 9*p + 6325 = 32*p. What is the greatest common divisor of 100 and p?
25
Let j = -23 - -4397. What is the greatest common divisor of 18 and j?
18
Let m be 3 + (-2)/1 + 9. Suppose 11*u - m*u = -224. Let v = -59 - u. Calculate the greatest common factor of v and 15.
15
Suppose 5 = 3*x - 34. Let o(d) = -d + 19. Let z be o(x). Let g be (7*-1)/(z/(-6)). Calculate the greatest common factor of g and 77.
7
Let l(u) = u**3 - u**2 - u + 49. Let s be l(0). Suppose 4*f - s = -1. Let k be (-174)/(-15) - 58/(-145). Calculate the greatest common factor of f and k.
12
Suppose 5*i - 2*x - 1094 = 0, -i - 118*x = -115*x - 229. What is the highest common factor of 770 and i?
110
Let j(i) = -19*i + 7. Let f(u) = 9*u - 4. Let n(l) = 9*f(l) + 4*j(l). Let o be n(4). Suppose -p = -5*p + 336. Calculate the greatest common divisor of o and p.
12
Suppose -3138 = -5*u + 22. Calculate the greatest common divisor of 8 and u.
8
Let r = -1745 + 1955. What is the highest common divisor of 150 and r?
30
Let h be 2/(-15) + (-3084)/(-180). Calculate the greatest common divisor of 136 and h.
17
Suppose -n + 101 = 4*p - 28, -2*n - 2*p + 246 = 0. Let u = n + -71. Calculate the greatest common divisor of 10 and u.
10
Suppose -q = q. Suppose v = -f + 89, -5*v + q*f = -f - 439. Let w be (-2)/(-6)*198/6. Calculate the greatest common factor of w and v.
11
Let c be (-40)/12 + 4/(-6). Let y = c + 4. Suppose y*r - 24 = -3*r. What is the greatest common factor of 88 and r?
8
Suppos